t q(w) = -w**2 - 1. Suppose l = -2*l - 3. Let v(h) = l*y(h) - 5*q(h). Calculate v(o).
5
Let i(w) = w**3 + w**2 - 3*w + 2. Let d be i(2). Let v(z) = -4*z + 11. What is v(d)?
-21
Let p(r) be the first derivative of r**2/2 - 3*r - 4. Give p(4).
1
Let s be 1/2*(-3 - 1). Let z = 2 + 1. Let n = z - s. Let i(y) = y**3 - 4*y**2 - 4*y - 4. Calculate i(n).
1
Let c(a) be the first derivative of -a**4/4 - 7*a**3/3 - 2*a**2 + 4*a + 25. Suppose -4*b - 26 = 2*v, v + 4*v + 17 = -2*b. Calculate c(b).
-8
Let w(d) = -d**2 - 4*d + 10. Let k(p) = p**2 + 5*p - 10. Let h(q) = -3*k(q) - 4*w(q). Let j(r) = 2*r**2 + 2*r - 19. Let z(b) = -11*h(b) + 6*j(b). Give z(-4).
8
Let x(m) = 1 + m**2 - m + 1 + 2. Let r be (6 + (-171)/27)/((-1)/9). Give x(r).
10
Let f(b) = b + 3. Let v be f(-3). Let o(k) = k**3 - k + 3. Determine o(v).
3
Suppose 2*b - 5*i = -19, 0 = 3*i - i - 2. Let f = b - -2. Let t(n) = -n - 3 + n**3 + 5*n**2 - 2 + 1. Give t(f).
1
Let t(r) = -r**3 - r**2 - r - 2. Suppose -3*k + z - 4 = -3*z, 4*k + 5*z = 36. Suppose -4*g + k - 12 = 0. Let u be 3 + (g/1 - 1). Determine t(u).
-2
Let j(f) = f - 38*f**2 - 31 - 41*f**2 + 80*f**2. Give j(0).
-31
Let h(r) be the second derivative of -r**4/6 - r**3/2 + r**2/2 + 6*r. Calculate h(-3).
-8
Let z be 16/7 + (-6)/21. Suppose 4 = -t + 5*t. Let x(g) = g**2 + z*g + 0*g + g + t. Calculate x(-4).
5
Let a = -5 + 1. Suppose -2*l + 5 = 5*u - l, l - 5 = 3*u. Let q(y) = y + 4 + u*y + 3. Determine q(a).
3
Let g = 4 - 14. Let o be (g/6)/((-3)/9). Suppose -4*w = w - o. Let r(l) = -7*l. Determine r(w).
-7
Let n(w) be the third derivative of w**6/120 - 7*w**5/60 + 7*w**4/24 - w**3/6 - w**2. Let t be n(6). Let b(k) = 4 + 0*k - t + 0*k + 2*k. Give b(2).
3
Let y(t) = 2*t + 17*t**2 - 43*t**2 + 25*t**2 - 7*t + 2. Give y(-7).
-12
Suppose 4*r = -r + 30. Let t = r - 4. Suppose -t*n - n + 18 = 0. Let w(b) = b**2 - 5*b - 6. Determine w(n).
0
Let z(i) = i - 10. Suppose 0 = 4*s - t, 3*t - 2*t = -3*s. Determine z(s).
-10
Let u(r) = 2*r**3 + r**2 + r + 1. Suppose 5*g - 2*g = 6, 4*g - 16 = -4*a. Let v be 4/(-6) - a/6. Calculate u(v).
-1
Let v(b) = 1 + 65*b - 66*b + 0. Calculate v(-1).
2
Let v(y) = y - 2. Let q be 0*(3 - 15/6). Suppose -2*i + 12 = -q. Determine v(i).
4
Suppose m + 11 = -4*i, -i = -3*m + 2*i + 27. Let b(h) = 4 + 2*h + 2 - 4*h. Give b(m).
-4
Suppose -4*t = -4*y - 20, -y = -4*t + 2*y + 16. Let l be 1*-3 + t + 5. Let i(c) = -1 + 0 + l*c + c**2 + c. Determine i(-3).
-4
Let t(p) = -7*p**2 - 2*p - 1. Suppose 3*s - 9 = 2*s. Let m = s + -10. Determine t(m).
-6
Suppose 0 = -5*j - 3*z + 25, -5*j + 3*j - 2*z = -14. Let q(a) = -56*a + 56*a + 9*a**j + a**3. Calculate q(-9).
0
Let v(i) be the first derivative of -1/4*i**4 + 0*i**3 + 3/2*i**2 - 1 - i. Suppose 2 = 3*u - 4. What is v(u)?
-3
Let d(c) = -4*c + 15. Let s(q) = 2*q + 21. Let m(b) = -b - 7. Let t(w) = 8*m(w) + 3*s(w). Let g(o) = -6*d(o) + 13*t(o). Calculate g(-1).
3
Let j(a) = -a**2 + 7*a - 2. Let u be j(5). Suppose 5*h - 23 = -u. Let t(y) = 6 - 7 + 3*y**3 - 4*y**h - 5*y**2. What is t(-5)?
-1
Let n(w) = -2*w + 2. Suppose 2*k - 4*y = 0, 2*k + 3*y = -0*y - 7. Give n(k).
6
Let s = 5 + 1. Let q be (-4)/s*(2 - -1). Let f(h) be the third derivative of h**5/60 - h**4/24 + h**3/6 + 12*h**2. Calculate f(q).
7
Let k(a) = -a**3 - 3*a**2 - 2*a - 3. Let x = -1 + -2. Let w(i) = -i + 1. Let c be w(x). Suppose 4*p + 0*p + o = -9, -c*o = p + 6. What is k(p)?
-3
Let r(z) = z - 20. Let b be -7*(-9)/315 - 2/10. What is r(b)?
-20
Let c(m) = -1 - 10*m + 9*m + 2*m - 3. What is c(-4)?
-8
Let f = 14 - 12. Let s(i) = 6*i - 2*i**3 + 4*i**f + 6 + 0*i**3 + i**2 + 3*i**3. What is s(-4)?
-2
Let f(v) be the third derivative of v**4/24 - 3*v**3/2 - 3*v**2. Let x(h) = -h + 8. Let z(r) = 3*f(r) + 2*x(r). Determine z(6).
-5
Suppose a - 2*a + 1 = 0, -3*i + 20 = 5*a. Suppose 0 + 4 = -d, 5*k - i*d = 0. Let n(w) be the first derivative of w**3/3 + 2*w**2 - 5*w - 49. What is n(k)?
-5
Suppose 0 = -4*t + 2*t + 12. Let k(p) = p - 13. What is k(t)?
-7
Let s(i) be the third derivative of i**5/60 + i**4/6 - i**3/2 - 2*i**2. Let n(a) = a - 2. Let v(d) = d**2 - 5*d - 8. Let q be v(6). Let t be n(q). What is s(t)?
-3
Let x(d) = 1. Let s(z) = -2*z - 2. Let j(w) = s(w) - x(w). Determine j(-2).
1
Let h = 4 - 0. Let a(i) = -1 + h + 3*i + 2. Let c(p) = -p - 2. Let j(x) = 6*a(x) + 17*c(x). Give j(0).
-4
Let p(q) = q**2 - 5*q - 4. Let d be p(6). Let r(x) = -3 + 4 + 0 + x**d + 6*x + 0. Determine r(-4).
-7
Let n(a) = 16*a + 9. Let q(p) = -8*p - 4. Let m(y) = 3*n(y) + 7*q(y). Let u(v) = v**3 - 6*v**2 + 6*v - 4. Suppose 3*t + 3 = 18. Let b be u(t). Calculate m(b).
-9
Let z(l) = -l**3 + l**2 - 4*l + 3. Let t(b) be the third derivative of b**4/24 - b**3/2 + 2*b**2. Let p be t(5). Give z(p).
-9
Let o be -2 + -1 + (0 - 1). Let j(m) = m**2 + m - 3. What is j(o)?
9
Let i(p) = -3*p - 2. Let x be 6/(-21) + (-19)/7. Give i(x).
7
Let s(c) = -3*c**2 - 3*c. Let o be 2*2/4*3. Suppose 5*t - 3*w + o = t, 13 = t + 2*w. Let d = t - 5. Determine s(d).
-6
Let o(c) = 10*c**3 + 3*c**2 - 3*c + 2. Let n(i) = i**2 - i + 1. Let t(l) = -3*n(l) + o(l). Determine t(1).
9
Let v(j) = j - 8. Let q be v(11). Let g(n) = -4*n**3 + 5*n**2 - 5 - 2*n**3 + 6*n + 0*n**3 + 5*n**q. What is g(6)?
-5
Let j(w) be the second derivative of -w**5/20 + w**4/4 + w**3/2 - w**2 + 9*w. Calculate j(4).
-6
Let j(a) = -a**3 - a**2 - 2*a - 3. Let v be j(-2). Let c(x) = 4 + 4 - 5*x - v. What is c(3)?
-12
Let t be 4*(0 + (-3)/4). Let j(q) = 9*q**3 - 13*q**2 - 3*q + 2. Let i(p) = -5*p**3 + 7*p**2 + 2*p - 1. Let l(h) = 11*i(h) + 6*j(h). Determine l(t).
7
Let a(f) = f**3 + 6*f**2 - 7*f + 3. Let l be a(-7). Let i(u) = u**2 - u - 1. Let z(r) = 5*r**2 - 5*r - 8. Let s(w) = 4*i(w) - z(w). Calculate s(l).
-2
Suppose 5*a - a = -32. Let f = -8 - a. Let h(r) = -2*r + 2 - r + f - 4. Determine h(-2).
4
Let w(x) = -x**2 - 23 + 4 + 5*x + 10 + 14. What is w(5)?
5
Let j(t) = 5*t**3 + 2*t**2 + 2*t. Let v be j(-1). Let f(q) = -q**3 - 4*q**2 + 3*q - 2. Calculate f(v).
8
Let z = 25 + -27. Let j(g) = g**2 + g. Let r be j(z). Let y(f) = f**3 - 3*f**2 - f + 2. What is y(r)?
-4
Let i(t) = 3*t**2 - 17*t - 12. Let l be i(6). Let h(k) = k**2 + 10*k + 7. Give h(l).
-17
Let y(i) = -i + 0*i + 581 - 579. Give y(-6).
8
Let d be (-2)/(-10) + (-208)/40. Let c(h) = -2*h - 3. Determine c(d).
7
Let u(g) be the second derivative of g**8/6720 - g**7/630 - g**6/144 + g**5/60 + g**4/4 + 3*g. Let h(c) be the third derivative of u(c). What is h(5)?
2
Let l(w) = -2*w**2 - 2*w + 1. Let u be l(1). Let b(r) = r**2 + 4*r. Determine b(u).
-3
Let l(z) = z**2 - 1. Suppose -4*f + 2*g - 43 = -g, -2*f + 5*g = 39. Let b = -20 + 10. Let i = b - f. Give l(i).
8
Let l(u) = u**2 + u + 1. Let x(q) = -4*q**2 - 5*q - 7. Let p(v) = 5*l(v) + x(v). What is p(-2)?
2
Let q(m) = m**2 + 6*m - 1. Let w be q(-6). Let v(s) = -5*s**3 - s**2 - 1. Let r(a) = a**3 - a**2. Let d(f) = 2*r(f) - v(f). Calculate d(w).
-7
Let g(v) = v**3 - 7*v**2 + 4*v + 1. Suppose 24 = -8*j + 2*j. Let d be j*(-3)/(-4)*-2. Calculate g(d).
-11
Let w = 10 - 3. Let n(q) = q - 9. What is n(w)?
-2
Let x(q) = -q - 7. Let w(d) = -3*d - 15. Let c(n) = -2*w(n) + 5*x(n). Calculate c(6).
1
Let v(g) = -8*g**2 + 3*g + 6. Suppose k - 5*s + s = 2, 4*k = -5*s - 34. Let x(o) = 17*o**2 - 7*o - 13. Let j(y) = k*x(y) - 13*v(y). Give j(-2).
2
Let a(r) = -r**3 - r**2 - r + 8. Suppose 5*m = 5*h + 20, -h + 17 = 4*m + 1. Determine a(h).
8
Let r(n) = -n**2 + 6*n - 2. Let m(f) = -f**2 + 5*f - 1. Let s(c) = -4*m(c) + 5*r(c). Determine s(7).
15
Let w(n) = -4*n**2 - n + 1. Let a be ((-18)/(-27))/((-4)/(-6)). Calculate w(a).
-4
Let u(k) = -k**3 + 12*k**2 - 8*k - 2. Let q(r) = r + 1. Let d(t) = -3*q(t) + u(t). Calculate d(11).
-5
Let q(n) = -n + 7. Let f be 3/1*6/6. Suppose 0 = -d + f. Give q(d).
4
Let w(k) = -k + 8. Let s be (5/15)/((-1)/(-21)). Determine w(s).
1
Let f(x) = -3*x**2 - 2*x - 2. Let c be (-4 + 0/2)/2. What is f(c)?
-10
Let a(d) be the third derivative of d**5/60 - d**4/3 + 5*d**3/6 + 8*d**2. Determine a(6).
-7
Let a(o) = 8*o. Suppose -4*n + 5 = 1. Give a(n).
8
Let x(a) = a**2 + 3*a + 2. Let t(z) = -z**2 - 6*z - 6. Let k be t(-6). Let h = 6 + k. Suppose -20 = 2*j + 2*j + 3*w, -2*j + 4*w - 10 = h. Calculate x(j).
12
Let q(p) = -5 + 4*p + 12*p + 6*p - 21*p. Determine q(0).
-5
Let o(l) = 3*l - 6 + 7*l - 7*l. Let j(v) = v**2 - 5*v